 of 116658883?
8
What is the millions digit of 5941306821?
1
What is the ten thousands digit of 123593178?
9
What is the tens digit of 5391274228?
2
What is the ten millions digit of 110476131?
1
What is the ten thousands digit of 5196871808?
7
What is the units digit of 16904551?
1
What is the tens digit of 181613514?
1
What is the ten thousands digit of 21565965?
6
What is the hundred millions digit of 198524104?
1
What is the hundred millions digit of 111858904?
1
What is the millions digit of 1266777944?
6
What is the hundred thousands digit of 1160070989?
0
What is the tens digit of 111190638?
3
What is the units digit of 956187021?
1
What is the billions digit of 1365720695?
1
What is the ten thousands digit of 205687500?
8
What is the hundreds digit of 57378234?
2
What is the tens digit of 789019390?
9
What is the tens digit of 42364593?
9
What is the hundred millions digit of 206045514?
2
What is the hundred thousands digit of 925828532?
8
What is the hundred thousands digit of 6196967581?
9
What is the units digit of 369981493?
3
What is the hundred thousands digit of 11594505?
5
What is the millions digit of 370502310?
0
What is the tens digit of 205508252?
5
What is the ten millions digit of 256700867?
5
What is the tens digit of 222366956?
5
What is the ten millions digit of 134411855?
3
What is the hundred millions digit of 206053320?
2
What is the millions digit of 436089543?
6
What is the millions digit of 29778786?
9
What is the thousands digit of 97624460?
4
What is the units digit of 61030670?
0
What is the tens digit of 1207805270?
7
What is the hundreds digit of 279660255?
2
What is the hundred thousands digit of 92631191?
6
What is the millions digit of 46832708?
6
What is the ten thousands digit of 46212055?
1
What is the hundreds digit of 2858126003?
0
What is the hundred thousands digit of 96896174?
8
What is the ten millions digit of 25934999?
2
What is the tens digit of 976807279?
7
What is the hundred millions digit of 2337104815?
3
What is the units digit of 26713390?
0
What is the hundred thousands digit of 146846268?
8
What is the units digit of 2274789587?
7
What is the millions digit of 380604840?
0
What is the hundred thousands digit of 2479634748?
6
What is the hundreds digit of 2109308775?
7
What is the thousands digit of 73777460?
7
What is the ten thousands digit of 1401401779?
0
What is the hundred thousands digit of 61415337?
4
What is the ten thousands digit of 9805583?
0
What is the ten thousands digit of 2189574551?
7
What is the hundred thousands digit of 5278495674?
4
What is the hundred millions digit of 203902382?
2
What is the hundreds digit of 8508806?
8
What is the hundreds digit of 2033434883?
8
What is the ten millions digit of 1114106303?
1
What is the billions digit of 3836050138?
3
What is the tens digit of 51409812?
1
What is the millions digit of 67823358?
7
What is the hundred millions digit of 345852806?
3
What is the tens digit of 13084925?
2
What is the hundred thousands digit of 45211240?
2
What is the millions digit of 370468404?
0
What is the tens digit of 175768321?
2
What is the thousands digit of 2162546?
2
What is the hundreds digit of 17960501?
5
What is the hundreds digit of 1079062679?
6
What is the millions digit of 73148816?
3
What is the units digit of 203663334?
4
What is the millions digit of 111408442?
1
What is the hundreds digit of 487895237?
2
What is the hundreds digit of 874363804?
8
What is the millions digit of 169563206?
9
What is the hundred thousands digit of 258124453?
1
What is the hundred thousands digit of 607822545?
8
What is the units digit of 214750566?
6
What is the ten thousands digit of 3645521002?
2
What is the hundred thousands digit of 87553878?
5
What is the thousands digit of 23053453?
3
What is the units digit of 4569108456?
6
What is the hundred millions digit of 1226112931?
2
What is the hundred thousands digit of 75112083?
1
What is the tens digit of 130199036?
3
What is the millions digit of 86097247?
6
What is the hundreds digit of 334499784?
7
What is the ten millions digit of 247361053?
4
What is the ten thousands digit of 115277790?
7
What is the hundred millions digit of 130891475?
1
What is the ten millions digit of 34779202?
3
What is the millions digit of 53508707?
3
What is the ten thousands digit of 138666693?
6
What is the millions digit of 416500594?
6
What is the thousands digit of 293188825?
8
What is the millions digit of 72923318?
2
What is the hundred thousands digit of 1633413950?
4
What is the hundred millions digit of 769659400?
7
What is the billions digit of 4686526902?
4
What is the hundreds digit of 118002431?
4
What is the hundreds digit of 25725737?
7
What is the tens digit of 648979244?
4
What is the hundred thousands digit of 842721655?
7
What is the units digit of 1120257633?
3
What is the ten thousands digit of 14772183?
7
What is the ten millions digit of 186600665?
8
What is the tens digit of 465808?
0
What is the units digit of 36522630?
0
What is the tens digit of 4203661597?
9
What is the hundred thousands digit of 30329507?
3
What is the hundred thousands digit of 40779003?
7
What is the tens digit of 380795714?
1
What is the ten thousands digit of 27210370?
1
What is the hundred millions digit of 135001760?
1
What is the hundred millions digit of 145196545?
1
What is the tens digit of 122000500?
0
What is the tens digit of 217722685?
8
What is the hundreds digit of 10918425?
4
What is the ten thousands digit of 11434443?
3
What is the hundred millions digit of 2513579254?
5
What is the thousands digit of 2300451692?
1
What is the hundred thousands digit of 339459914?
4
What is the ten thousands digit of 935905159?
0
What is the ten thousands digit of 36386431?
8
What is the tens digit of 86725660?
6
What is the tens digit of 235268084?
8
What is the ten thousands digit of 112577660?
7
What is the units digit of 22318807?
7
What is the hundred millions digit of 4257395461?
2
What is the hundred thousands digit of 428779279?
7
What is the millions digit of 8804318?
8
What is the ten millions digit of 4634132135?
3
What is the thousands digit of 345700131?
0
What is the hundred millions digit of 2084318427?
0
What is the ten thousands digit of 24969630?
6
What is the hundred thousands digit of 37900563?
9
What is the units digit of 45377845?
5
What is the hundred millions digit of 102330718?
1
What is the millions digit of 37864502?
7
What is the tens digit of 2104296086?
8
What is the ten thousands digit of 5947095577?
9
What is the units digit of 76866794?
4
What is the ten thousands digit of 142455386?
5
What is the hundred thousands digit of 664471559?
4
What is the hundreds digit of 492949982?
9
What is the ten millions digit of 38751715?
3
What is the hundred thousands digit of 39471673?
4
What is the units digit of 46882478?
8
What is the hundred thousands digit of 16930526?
9
What is the millions digit of 226717222?
6
What is the ten thousands digit of 1119314?
1
What is the units digit of 4038440?
0
What is the thousands digit of 62190030?
0
What is the hundred thousands digit of 336510776?
5
What is the hundred millions digit of 469480549?
4
What is the hundred thousands digit of 728406325?
4
What is the thousands digit of 1194819287?
9
What is the units digit of 12617200?
0
What is the hundreds digit of 1934591724?
7
What is the units digit of 622040269?
9
What is the ten millions digit of 16215039?
1
What is the thousands digit of 492460524?
0
What is the thousands digit of 73428199?
8
What is the ten millions digit of 761282338?
6
What is the ten thousands digit of 102585347?
8
What is the ten thousands digit of 74850584?
5
What is the hundred thousands digit of 113623060?
6
What is the millions digit of 85018564?
5
What is the millions digit of 55089665?
5
What is the billions digit of 1072011207?
1
What is the ten thousands digit of 76426731?
2
What is the millions digit of 149085235?
9
What is the ten thousands digit of 44122235?
2
What is the hundreds digit of 1690880383?
3
What is the units digit of 779518740?
0
What is the tens digit of 1557804775?
7
What is the units digit of 5158164998?
8
What is the hundred millions digit of 158261262?
1
What is the thousands digit of 4308163833?